se 9, what is 6065 + -1?
6064
In base 13, what is -56 + -8?
-61
In base 15, what is -29 - 26?
-50
In base 4, what is 12 - -120?
132
In base 8, what is 6220 + 2?
6222
In base 11, what is 40 - -1?
41
In base 8, what is -3 - 12051?
-12054
In base 13, what is -41 + -1?
-42
In base 4, what is 10300 + -102?
10132
In base 13, what is 3 + 186?
189
In base 5, what is 4 + 30040?
30044
In base 13, what is 22 + 5?
27
In base 8, what is 4 + 100?
104
In base 7, what is -1 + -40?
-41
In base 15, what is -1e3c + -5?
-1e42
In base 13, what is -57 + -2?
-59
In base 15, what is 8c85 + -1?
8c84
In base 2, what is 11 - 10110101?
-10110010
In base 4, what is 2112 - -102?
2220
In base 9, what is -27 - -614?
576
In base 4, what is 12 + -11133?
-11121
In base 7, what is 5 + -133?
-125
In base 7, what is 115 + -12?
103
In base 12, what is 47 - b?
38
In base 3, what is -2111 - -1100?
-1011
In base 11, what is 15 - 542?
-528
In base 9, what is -2132 - 1?
-2133
In base 6, what is -3211 - -5?
-3202
In base 2, what is 11 + -1011?
-1000
In base 11, what is 315 + -34?
291
In base 13, what is 6 + -62a?
-624
In base 13, what is -79 + 9?
-70
In base 6, what is -20 + 123?
103
In base 16, what is -a - -4c?
42
In base 3, what is 2 - 10200?
-10121
In base 5, what is -20 + 223?
203
In base 11, what is -2 - 30?
-32
In base 5, what is 1241 + 40?
1331
In base 16, what is -8ab - 3?
-8ae
In base 14, what is -18 - -2?
-16
In base 16, what is 1 - ba?
-b9
In base 5, what is 12143 + -4?
12134
In base 8, what is 1 + 67?
70
In base 2, what is 100 - 110010?
-101110
In base 16, what is 3 + 59e?
5a1
In base 15, what is 0 + 2?
2
In base 14, what is 11 + -89?
-78
In base 3, what is 1101102 + -2?
1101100
In base 5, what is 3 - -244?
302
In base 12, what is -4 - -699?
695
In base 9, what is 1 - -6?
7
In base 9, what is -44 - 17?
-62
In base 7, what is 4343 + 4?
4350
In base 8, what is -4 + -2641?
-2645
In base 14, what is 219c - 5?
2197
In base 6, what is 3 + -211?
-204
In base 15, what is d + -13?
-5
In base 2, what is 1 + 1011101111?
1011110000
In base 16, what is -30 + 3c?
c
In base 11, what is 1 - 83?
-82
In base 8, what is 1 - 136?
-135
In base 15, what is -5a5 - 1?
-5a6
In base 4, what is 1 - 3333?
-3332
In base 3, what is -2112202 + -12?
-2112221
In base 15, what is -17 + 5?
-12
In base 8, what is -3 + -7171?
-7174
In base 2, what is 1 + -10110101?
-10110100
In base 14, what is -4 - 69?
-6d
In base 5, what is -12221 + -2?
-12223
In base 13, what is -4 + 5?
1
In base 8, what is -13 - 41?
-54
In base 7, what is -1441 + 11?
-1430
In base 8, what is 3 + 23?
26
In base 11, what is -9 + -6a3?
-701
In base 5, what is -1140 - -10?
-1130
In base 2, what is -11100001011 + 1?
-11100001010
In base 16, what is -4b4 - 3?
-4b7
In base 16, what is -8 + 1?
-7
In base 9, what is 27 - -5?
33
In base 10, what is 37 - -4?
41
In base 14, what is -4 - -86?
82
In base 14, what is 19 - 28?
-d
In base 3, what is 10021201 + 0?
10021201
In base 10, what is -19 + 22?
3
In base 12, what is 467 - 23?
444
In base 2, what is -1011001 + 101?
-1010100
In base 14, what is 410 + 0?
410
In base 10, what is -11 + 75?
64
In base 9, what is -13738 - -1?
-13737
In base 11, what is 52 - -4?
56
In base 10, what is -8 + 15?
7
In base 5, what is 144 - 10?
134
In base 9, what is -4 + 1062?
1057
In base 11, what is 0 - -1?
1
In base 7, what is 10 + -61?
-51
In base 9, what is 0 - 5615?
-5615
In base 7, what is -1024 - -4?
-1020
In base 2, what is 1100111001101111 + -11?
1100111001101100
In base 12, what is -481 - 4?
-485
In base 7, what is -34 - -6?
-25
In base 9, what is -68 + -13?
-82
In base 13, what is 11 - -252?
263
In base 9, what is 116 - 4?
112
In base 16, what is 2 - c2?
-c0
In base 9, what is -1 - 5753?
-5754
In base 8, what is 507 + 3?
512
In base 2, what is 10110111 - -100?
10111011
In base 6, what is -25333 - 5?
-25342
In base 6, what is -504 - -33?
-431
In base 7, what is -14 - -3?
-11
In base 3, what is -12 - 2?
-21
In base 12, what is -44a7 + -5?
-44b0
In base 8, what is -121 - -34?
-65
In base 4, what is -1310 + -11?
-1321
In base 5, what is 13 - -13?
31
In base 8, what is 2006 - -2?
2010
In base 12, what is 0 + -331?
-331
In base 10, what is -4 + -1501?
-1505
In base 11, what is -2951 + -5?
-2956
In base 12, what is 4 - -284?
288
In base 8, what is -30 + -1061?
-1111
In base 12, what is -5 + -a13?
-a18
In base 10, what is -776 - -2?
-774
In base 5, what is 101 + 202?
303
In base 8, what is 5 + 1711?
1716
In base 13, what is -102 + 2?
-100
In base 7, what is -5 + -12546?
-12554
In base 15, what is 1e - -24c?
26b
In base 3, what is -10102 + -2202?
-20011
In base 13, what is b8 + -5?
b3
In base 9, what is 1260 + -4?
1255
In base 14, what is 2 + -c1?
-bd
In base 9, what is 1 - -85?
86
In base 11, what is -4 + -699?
-6a2
In base 15, what is -5 - -d6?
d1
In base 10, what is 13 + 888?
901
In base 14, what is -117 - 1?
-118
In base 15, what is 58 - 10?
48
In base 5, what is -202 + -20?
-222
In base 13, what is -90 - 15?
-a5
In base 12, what is 2 - 56?
-54
In base 6, what is 2413 - 2?
2411
In base 15, what is -6b + -4?
-70
In base 12, what is -4 + -55?
-59
In base 9, what is 30 - -105?
135
In base 8, what is -3 + 205?
202
In base 5, what is 3031 - 33?
2443
In base 3, what is -120 - -101011?
100121
In base 11, what is -4 - 691?
-695
In base 8, what is 2627 + -1?
2626
In base 12, what is -12 - -262?
250
In base 8, what is 6721 - 1?
6720
In base 12, what is -9a8 + 5?
-9a3
In base 13, what is -24c - -2?
-24a
In base 13, what is 1 + 0?
1
In base 10, what is -1 + -2750?
-2751
In base 5, what is -111 - 1223?
-1334
In base 5, what is -213 + 11?
-202
In base 3, what is -200 - 1021?
-1221
In base 16, what is -5 - 51?
-56
In base 12, what is -b80 - -6?
-b76
In base 5, what is -33342 + -1?
-33343
In base 14, what is 4 - 45?
-41
In base 2, what is -10 + 110?
100
In base 13, what is -24 - 5?
-29
In base 9, what is 4 + 188?
203
In base 14, what is 18 - -2?
1a
In base 10, what is 4 - -25?
29
In base 15, what is -4 + 33?
2e
In base 4, what is -11 - -3202?
3131
In base 5, what is 4 - 13?
-4
In base 2, what is 10011101 + 1?
10011110
In base 3, what is -2110 + -1202?
-11012
In base 11, what is -4 - 19?
-22
In base 3, what is 220 - -20?
1010
In base 4, what is 10 + -120?
-110
In base 3, what is -1011122101 + 11?
-1011122020
In base 14, what is 5 - -3dd?
404
In base 14, what is 60 - -13?
73
In base 16, what is b4 - 2?
b2
In base 4, what is -223 + 203?
-20
In base 13, what is -1a43 - -5?
-1a3b
In base 10, what is -147 - -42?
-105
In base 16, what is 0 + -b0c?
-b0c
In base 7, what is 0 - 431?
-431
In base 14, what is -448 - 2d?
-477
In base 12, what is -4 - 11?
-15
In base 16, what is -a + -11?
-1b
In base 11, what is 3 + -702?
-6aa
In base 8, what is 5 + 3744?
3751
In base 7, what is -16 + -31?
-50
In base 15, what is -3 + -4a?
-4d
In base 10, what is 0 + -1072?
-1072
In base 4, what is -201200 - -2?
-201132
In base 5, what is -312 - 102?
-414
In base 13, what is c - -c?
1b
In base 10, what is 965 - 0?
965
In base 8, what is 314 + 3?
317
In base 2, what is 110 - 1110011101?
-1110010111
In base 3, what is -12 - -12212?
12200
In base 15, what is -65 + 17?
-4d
In base 5, what is 10412 - -1?
10413
In base 10, what is 4 + 55?
59
In base 8, what is 0 + -3003?
-3003
In base 2, what is 10 - -11001001?
11001011
In base 13, what is 14b - 3?
148
In base 10, what is 12 - -221?
233
In base 15, what is 4161 - -3?
4164
In base 9, what is -4830 + -5?
-4835
In base 13, what is -39 + -59?
-95
In base 16, what is 1 + -7?
-6
In base 5, what is 212 - -4?
221
In base 10, what is 2 + -928?
-926
In base 3, what is -10002 - 121?
-10200
In base 10, what is -5 - -49?
44
In base 8, what is -1 + 46?
45
In base 4, what is -11 - -322031?
322020
In base 10, what is 1378 + 0?
1378
In base 14, what is -4 + -34b?
-351
In base 7, what is 142 + 5?
150
In base 15, what is 105 - -3?
108
In base 10, what is 140 + 1?
141
In base 5, what is 4 + 24?
33
In base 15, what is -38 - 11?
-49
In base 9, what is 8 + 205?
214
In base 10, what is 10 + 14?
24
In base 3, what is -110001001 - -12?
-110000212
In base 15, what is 1a3 - 4?
19e
In base 6, what is -13 + -11?
-24
In base 6, what is 40234 + 3?
40241
In base 10, what is -637 - 12?
-649
In base 4, what is 0 + 131?
131
In base 13, what is 67c0 - -5